ctor of u and 35.
5
Let x be (-2 + 1 - -3) + 18. Suppose -148 + 768 = x*y. Calculate the highest common factor of y and 341.
31
Let f(v) = v**3 + 19*v**2 + 34*v - 4. Let u be f(-17). Let b be (-1*9)/((-22)/u + -7). Calculate the greatest common divisor of 20 and b.
2
Let l be (-2)/15 - (-6235)/75. Let m = 111 - l. What is the highest common divisor of 252 and m?
28
Let s be 46/10 - (-22)/55. Suppose -s*a = -3*a + 2*z - 22, 2*a - 17 = 3*z. Let c be (-10)/25 + 124/a. What is the highest common divisor of c and 30?
6
Suppose t + 104 = 106. Suppose 156 = l - d + 54, -4*d = t*l - 198. Calculate the highest common factor of 404 and l.
101
Let o be ((-10)/24)/((-470)/(-752)) + (-344)/(-3). Calculate the highest common divisor of o and 10146.
114
Let g be 1*4*(-9)/108*-447 - -6. Calculate the greatest common factor of g and 3007.
31
Let r(y) = y**2 - 28*y + 23. Let d(b) = 2*b - 4. Let p be d(21). Let n be r(p). What is the greatest common divisor of n and 93?
31
Suppose b - 5*j + 3*j = -22, 0 = b + 3*j + 37. Let a be (-70)/b - (-876)/8. Let r = -71 - -103. What is the highest common divisor of r and a?
16
Let r be ((-44)/32 - -1)/(1/(-8)). Suppose 4*q - 19 = r*q. Let t(w) = 7*w**3 - 5*w**2 + 3*w - 1. Let y be t(3). Calculate the highest common factor of q and y.
19
Let f(h) = 1283*h + 77. Let x be f(0). Let w(p) = 78*p**2 - p - 2. Let c be w(2). Calculate the highest common divisor of x and c.
77
Suppose -7*d = -2 - 12. Suppose 5*y - 1 = d*n, 11 = 4*n + 2*y + y. Suppose 0 = n*z - 18. Calculate the greatest common factor of z and 63.
9
Let q = 147 + -117. Suppose -11*w - 109 = -12*w - 2*t, -4*w + 4*t + 412 = 0. Calculate the greatest common factor of w and q.
15
Suppose 789 = 17*w - 3852. Suppose -5*a + 35 = -0*a. What is the highest common factor of a and w?
7
Let h be 17388/(-162)*12/(-7). What is the highest common divisor of h and 2300?
92
Let o be (1522 - (-1 - -2))/(154 + -153). What is the greatest common divisor of o and 1287?
117
Let r = 12 - -3. Let g(c) = -17*c + 66. Let n be g(-11). Let a = -88 + n. Calculate the highest common factor of a and r.
15
Let p be -5 + (-7 - -163)/13 + 2247. Calculate the highest common factor of 343 and p.
49
Suppose -3*a - 38 = 5*v + 78, -5*v + 136 = -3*a. Let u = a + 60. Let c(r) = r**2 - 16*r + 6. Let s be c(-8). What is the highest common divisor of u and s?
18
Let w(m) = 5*m**2 - 3*m - 10. Let o be w(-7). Suppose -i + 15 = q, -173*i + 175*i - q - 33 = 0. What is the greatest common factor of o and i?
16
Let f be 2/7 - (-2232)/(-21). Let m be (1 - 112) + (3 - 3 - -4) - 2. Let y = f - m. What is the highest common divisor of 51 and y?
3
Suppose 3*i - 2*j - 27 = 0, -2*i - 2*i + 36 = -3*j. What is the highest common factor of i and 2637?
9
Suppose -3*o + 15 = 0, -14*o - 2302 = -4*a - 16*o. Suppose 38 = 574*c - a*c. Calculate the highest common factor of c and 209.
19
Let s = 67 - 65. Suppose s*x - 277 + 17 = -4*u, 0 = -5*u + 2*x + 307. What is the greatest common divisor of u and 126?
63
Let h be 145*(51/(-15) + 3). Let x = h - -59. Suppose 2*r - x = r, 3*r = 3*u - 57. What is the highest common divisor of 220 and u?
20
Suppose m - 1 = 0, -w + 2*m + 10 = 2*w. Suppose 806 = 4*c + 2*g - w*g, 0 = 4*c - 3*g - 809. Calculate the greatest common factor of c and 20.
20
Suppose 65*c - 50*c - 75 = 0. Suppose -9*x + 260 = -c*x. What is the greatest common factor of x and 5?
5
Let l be 795/(-10)*(-8)/12. Suppose 22*t - 1021 + l = 0. Calculate the highest common factor of 88 and t.
44
Suppose 0 = 16*z - 5*z + 10846. Let s = -923 - z. What is the greatest common factor of s and 45?
9
Let q(m) = -m**3 - m**2 - m - 2. Let h be 6*(4/6)/(-2). Let p be q(h). Let y be 11 + 1 + -60 + 56. Calculate the greatest common factor of p and y.
4
Let c be 13/(-15)*3 - 2/5. Let z be c + (-28 - 2) - -1. Let d = -23 - z. What is the highest common factor of d and 18?
9
Suppose 4*d = -d + 75. Suppose -5*a + 5*s - d = 5, a = -2*s + 8. Suppose 189 = 3*x - a*x. What is the greatest common factor of x and 7?
7
Let i(p) = 13*p - 3. Let o be i(3). Let m = 207 - 117. Let c = m - o. Calculate the greatest common divisor of 135 and c.
27
Suppose -1730 = -b + 4*o, 1725 = 6*b - 5*b - 3*o. What is the greatest common factor of b and 105?
15
Let z(a) = a - 18. Let w be z(5). Let l be (-1244)/26 + (8/w)/4. Let n = 52 + l. Calculate the greatest common factor of 32 and n.
4
Let l(j) = -3*j + 27. Let t be l(-10). Let h be 1 + (-6)/8 + t/12. Suppose 0 = b - h*f - 85, 8 = -4*f - 0. Calculate the highest common divisor of b and 15.
15
Suppose -4*k + 2600 + 25 = 17*k. What is the highest common divisor of k and 1000?
125
Suppose -3*i - 354 = -9*i. Suppose m - 3*d - i = 0, 4*m - 7*d = -2*d + 271. Calculate the greatest common divisor of 481 and m.
37
Let l(j) = -22*j**2 - 14*j - 1. Let c be l(-4). Let f be 54/c - 2556/(-22). What is the greatest common factor of f and 29?
29
Let a(i) = 79*i**3 + 25*i**2 - 12. Let h be a(2). What is the greatest common divisor of h and 252?
36
Let t = 504 + -453. Suppose 3*k = 2*k - 3, 3*o - 1365 = -4*k. What is the greatest common divisor of t and o?
51
Let x(t) = t - 2. Let c be x(10). Suppose 4*k - k = -6, -z - 4*k + 54 = 0. What is the highest common divisor of c and z?
2
Let u(o) = o**2 + 11*o - 22. Let h be u(11). Let r = -841 - -861. What is the highest common divisor of h and r?
20
Let j be (36/(-20))/((-17)/21845 + 0). Calculate the greatest common divisor of 36 and j.
9
Suppose -276 = -25*b + 424. What is the highest common factor of b and 3752?
28
Suppose 0 = -53*s + 58*s + 600. Let m = 224 + s. Let w = 160 - m. What is the highest common divisor of 28 and w?
28
Let t(m) = -m**3 + 9*m**2 - 9*m + 28. Let o be (-31)/(-248) - 63/(-8). Let b be t(o). What is the greatest common divisor of 340 and b?
20
Let g(b) = -2*b**2 + 123*b + 404. Let y be g(64). What is the greatest common divisor of y and 1974?
42
Let s(b) = 2*b + 14. Let n be s(-6). Suppose 0 = n*z - 4*z + 200. Suppose -j - 4*j = -z. Calculate the greatest common factor of 5 and j.
5
Suppose -3*q + 13246 = u + 834, -3*u + 4140 = q. Calculate the greatest common factor of q and 6.
3
Suppose 393*p = 3845 + 871. What is the highest common factor of p and 1434?
6
Let c be (84/(-49))/((-9)/1722). What is the highest common factor of c and 24?
8
Let g(x) = 115*x**2 - 12*x - 37. Let m be g(4). Calculate the highest common divisor of m and 78.
39
Let s be (-14 - (-1824)/72 - 5/(-3)) + -4. Let c = -492 + 780. What is the highest common divisor of s and c?
9
Let h be ((-140505)/34)/(1/(16/(-12))). What is the greatest common factor of 145 and h?
145
Suppose 3*j - 5*u = 1823, -3045 = 2*j - 7*j + 5*u. Let t = j - 546. Calculate the greatest common factor of t and 25.
5
Let o be (-60)/(-14) + 2/(-7). Let d = 6 + o. Suppose 224*u + 2160 = 278*u. What is the highest common factor of u and d?
10
Let v = -109 - -103. Let o(l) = -2*l**3 - 12*l**2 - 5*l + 2. Let g be o(v). Suppose 5*k + 0*k - 1440 = 0. Calculate the highest common divisor of g and k.
32
Let t(w) = 4*w**3 + 10*w**2 - 6*w + 9. Let q be t(-5). Let i = 36 - q. Calculate the greatest common factor of i and 39.
13
Let j be ((-10)/(-30))/(2/30). Suppose 2*n = -2*o + 5*n + 8, 2*o + 24 = -5*n. Let z be o/((-12)/75)*2. Calculate the greatest common divisor of j and z.
5
Suppose 15*o = -25*o + 6800. Let l be (2 - (1 - 1)) + 38. What is the greatest common factor of l and o?
10
Let p = 12915 + -12325. What is the highest common factor of 20 and p?
10
Suppose -2*h + f = 330 + 21, 5*f = -15*h - 2545. Let b = -92 + 28. Let o = b - h. Calculate the greatest common divisor of 12 and o.
12
Let t(y) = 16*y + 11*y**2 - 5*y - 14 - 23*y - 21*y + y**3. Let n = -35 + 22. Let k be t(n). What is the greatest common factor of k and 7?
7
Let r be (-240)/(-3000) + (-4948)/(-25). Calculate the greatest common divisor of 243 and r.
9
Suppose 255 = 7*z - 2*z. Suppose -3*m + 2*q + 61 = 0, m - 3*q - 30 - 2 = 0. Calculate the highest common factor of m and z.
17
Let o be (2 + 0/(-6))/(-2 + 3). Suppose 474 = 4*l - 2*m, 2*m + o*m + 585 = 5*l. Calculate the greatest common divisor of l and 11.
11
Let g be (26640/(-540))/(2/(-15)). What is the highest common factor of g and 110?
10
Let n(s) = 14*s**2 - 67*s - 100. Let a(z) = -3*z**2 + 17*z + 25. Let h(